{"id":1307,"date":"2017-01-08T19:41:46","date_gmt":"2017-01-08T18:41:46","guid":{"rendered":"http:\/\/dominique.sciamma.com\/?page_id=1307"},"modified":"2017-01-08T19:44:51","modified_gmt":"2017-01-08T18:44:51","slug":"huffington-post","status":"publish","type":"page","link":"https:\/\/dominique.sciamma.com\/?page_id=1307","title":{"rendered":"Huffington Post"},"content":{"rendered":"<p>A partir de 2016, je comence aussi \u00e0 publier des contributions sur le Huffington Post.<br \/>\nLes voici :<\/p>\n<p><a title=\"La R\u00e9volution 3D est \u00e0 venir !\" href=\"http:\/\/dominique.sciamma.com\/?p=1309\"><\/p>\n<ul>\n<li>La R\u00e9volution 3D est \u00e0 venir !<\/li>\n<\/ul>\n<p><\/a><\/p>\n<p>&nbsp;<\/p>\n<p>&nbsp;<\/p>\n","protected":false},"excerpt":{"rendered":"<p>A partir de 2016, je comence aussi \u00e0 publier des contributions sur le Huffington Post. Les voici : La R\u00e9volution 3D est \u00e0 venir ! &nbsp; &nbsp;<\/p>\n","protected":false},"author":1,"featured_media":0,"parent":387,"menu_order":0,"comment_status":"closed","ping_status":"closed","template":"","meta":{"footnotes":""},"_links":{"self":[{"href":"https:\/\/dominique.sciamma.com\/index.php?rest_route=\/wp\/v2\/pages\/1307"}],"collection":[{"href":"https:\/\/dominique.sciamma.com\/index.php?rest_route=\/wp\/v2\/pages"}],"about":[{"href":"https:\/\/dominique.sciamma.com\/index.php?rest_route=\/wp\/v2\/types\/page"}],"author":[{"embeddable":true,"href":"https:\/\/dominique.sciamma.com\/index.php?rest_route=\/wp\/v2\/users\/1"}],"replies":[{"embeddable":true,"href":"https:\/\/dominique.sciamma.com\/index.php?rest_route=%2Fwp%2Fv2%2Fcomments&post=1307"}],"version-history":[{"count":4,"href":"https:\/\/dominique.sciamma.com\/index.php?rest_route=\/wp\/v2\/pages\/1307\/revisions"}],"predecessor-version":[{"id":1314,"href":"https:\/\/dominique.sciamma.com\/index.php?rest_route=\/wp\/v2\/pages\/1307\/revisions\/1314"}],"up":[{"embeddable":true,"href":"https:\/\/dominique.sciamma.com\/index.php?rest_route=\/wp\/v2\/pages\/387"}],"wp:attachment":[{"href":"https:\/\/dominique.sciamma.com\/index.php?rest_route=%2Fwp%2Fv2%2Fmedia&parent=1307"}],"curies":[{"name":"wp","href":"https:\/\/api.w.org\/{rel}","templated":true}]}}