{"id":131,"date":"2012-12-22T20:20:07","date_gmt":"2012-12-22T19:20:07","guid":{"rendered":"http:\/\/dominique.sciamma.com\/?page_id=131"},"modified":"2013-01-09T18:43:21","modified_gmt":"2013-01-09T17:43:21","slug":"bande-dessinee","status":"publish","type":"page","link":"https:\/\/dominique.sciamma.com\/?page_id=131","title":{"rendered":"Bandes Dessin\u00e9es"},"content":{"rendered":"<p>J&rsquo;ai \u00e9t\u00e9 nourri de BD depuis mon plus jeune \u00e2ge.<\/p>\n<p>Mes semaines d&rsquo;enfant \u00e9tait aussi rythm\u00e9es par les lectures (le jeudi !) des magazines de Mickey, de Tintin, de Spirou, puis de Pilote \u00e0 partir de 1969. Je suis d&rsquo;ailleurs depuis un tintinomaniaque chronique (et je ne me soigne pas).<\/p>\n<p>Passant de longues vacances en Italie, je me suis aussi gav\u00e9 de Topolino (Mickey) et Paperino (Donald) et toute leur petite famille, mais aussi des BD de super-h\u00e9ros, alors inconnues en France (c&rsquo;\u00e9tait les ann\u00e9es 60 !).<\/p>\n<p>Collectionneur compulsif de BDs \u00e0 partir du milieu des ann\u00e9es 70, jusqu&rsquo;\u00e0 maintenant, la BD est un m\u00e9dia majeur, dans lequel je ne me suis pas content\u00e9 d&rsquo;\u00eatre un lecteur passionn\u00e9 mais aussi un auteur.<\/p>\n<p>En tant que lyc\u00e9en d&rsquo;abord, o\u00f9 je publiais quelques <strong>planches absurdes<\/strong> dans le journal de mon \u00e9cole.<\/p>\n<p>En tant que jeune adulte ensuite, o\u00f9 j&rsquo;ai \u00e9crit un sc\u00e9nario fantastico-historique ayant le Zoo de Vincennes comme centre de gravit\u00e9 (<a title=\"Tigre, Tigre\" href=\"http:\/\/dominique.sciamma.com\/?page_id=340\"><strong>Tigre, Tigre<\/strong><\/a>), que j&rsquo;ai essay\u00e9 de faire publier avec mon ami Fran\u00e7ois Charlonnai, sans succ\u00e8s !<\/p>\n<p>Je participais parfois, \u00e0 cette \u00e9poque, \u00e0 l&rsquo;\u00e9mission de <strong>Fr\u00e9quence Gay<\/strong> (FG radio) consacr\u00e9e \u00e0 la BD, anim\u00e9 par un certain Kermit (!). J&rsquo;ai ainsi \u00e9crit \u00e0 cette \u00e9poque des textes sur Tintin, mais aussi sur un Jardinier imaginaire (le P\u00e8re LaB\u00e9d\u00e9).<\/p>\n<p>Pendant mon s\u00e9jour de 2 ans \u00e0 <strong>Singapour<\/strong> (de 1989 \u00e0 1991), j&rsquo;ai tenu<strong> pendant 2 ans <a title=\"Chroniques du Lien\" href=\"http:\/\/dominique.sciamma.com\/?page_id=140\">une chronique mensuelle dans le journal de l&rsquo;Alliance Fran\u00e7aise<\/a><\/strong>, o\u00f9 je traitais, de mani\u00e8re libre et souvent d\u00e9lirante, des grands noms de la BD franco-belges. C&rsquo;est d&rsquo;ailleurs l\u00e0-bas que je me suis li\u00e9 d&rsquo;amiti\u00e9 avec <strong>Jean-Claude M\u00e9zi\u00e8res<\/strong>, l&rsquo;auteur de Val\u00e9rian.<\/p>\n<p>De retour en France, j&rsquo;\u00e9crivais un nouveau sc\u00e9nario, sous le regard bienveillant de Pierre Christin et jean-Claude M\u00e9zi\u00e8res (<a title=\"le Tr\u00e9sor de la Grande Muraille\" href=\"http:\/\/dominique.sciamma.com\/?page_id=351\"><strong>Le Tr\u00e9sor de la Grande Muraille<\/strong><\/a>), BD d&rsquo;aventure se d\u00e9roulant au pied de ladite muraille.<\/p>\n<p>En 1993, je suis le co-auteur, avec J<strong>ean-Claude M\u00e9zi\u00e8res et Pierre Christin<\/strong>, d&rsquo;un projet de s\u00e9rie de dessin anim\u00e9 (<a title=\"Les Enfants d\u2019Eole\" href=\"http:\/\/dominique.sciamma.com\/?page_id=481\"><strong>Les Enfants d&rsquo;Eole<\/strong><\/a>) qui re\u00e7oit d&rsquo;ailleurs le soutien \u00e0 l'\u00a0\u00bb\u00e9criture du programme Europ\u00e9en M\u00e9dia.<\/p>\n<p>Assez connect\u00e9 \u00e0 la maison <strong>Dargaud<\/strong> \u00e0 la fin des ann\u00e9es 90, je con\u00e7ois en 1997\u00a0le sc\u00e9nario (avec mon complice Bernard Prieur Smester) \u00a0du <a title=\"Le Myst\u00e8re XIII\" href=\"http:\/\/dominique.sciamma.com\/?page_id=626\"><strong>premier jeux video CD-ROM sur le<\/strong> <\/a><strong><a title=\"Le Myst\u00e8re XIII\" href=\"http:\/\/dominique.sciamma.com\/?page_id=626\">personnage XII<\/a>I<\/strong> (co-produit par France Telecom et M6). Je rencontre \u00e0 cette \u00e9poque, Jean Van Hamme, \u00a0pour peaufiner les textes et les mots que je mettrais dans la bouche de son h\u00e9ros.<\/p>\n<p>En 1999, je con\u00e7ois le sc\u00e9nario de \u00ab\u00a0<a title=\"Alexandre-Pierre Meilleur\" href=\"http:\/\/dominique.sciamma.com\/?page_id=356\"><strong>la V\u00e9ritable Histoire d&rsquo;Alexandre-Pierre Meilleur<\/strong><\/a>\u00ab\u00a0, une BD sur les NTIC et l&rsquo;entrepreneuriat, pour le compte de l&rsquo;APM (Association pour le Progr\u00e8s du Management). Dessin\u00e9 par Bibeurlu et \u00e9dit\u00e9 par le fameux Atelier Sanzot (anim\u00e9 par mon camarade Bernard Lambert) Angoul\u00e8me) Il s&rsquo;agit d&rsquo;une retro-fiction, o\u00f9 j&rsquo;imagine un Jules Verne racontant son prochain roman, se passant \u00e0 la fin du XX\u00e8me si\u00e8cle, sur un jeune entrepreneur innovant.<\/p>\n<p>Dans la foul\u00e9e, le m\u00eame Atelier Sanzot, me demande de sc\u00e9nariser 2 albums pour f\u00eater l&rsquo;anniversaire de deux usines du Groupe Schneider (\u00ab\u00a0<a title=\"La ballade d\u2019Espagnac\" href=\"http:\/\/dominique.sciamma.com\/?page_id=368\"><strong>La Balade d&rsquo;Espagnac<\/strong><\/a>\u00a0\u00bb \u00e0 Angoul\u00eame, et \u00ab\u00a0<a title=\"Code Poitum\" href=\"http:\/\/dominique.sciamma.com\/?page_id=377\"><strong>Code Poitum<\/strong><\/a>\u00a0\u00bb pour Chasseneuil du Poitou).<\/p>\n<p>Dans le m\u00eame temps, je travaille sur le<a title=\"Tintin 3D sur PlayStation\" href=\"http:\/\/dominique.sciamma.com\/?page_id=685\"><strong> pr\u00e9-game design du jeu video Tintin sur Playstation<\/strong><\/a> pour le compte d&rsquo;Infogrames (gr\u00e2ce \u00e0 mon camarade Philippe Segard).<\/p>\n<p>Enfin, j&rsquo;ai travaill\u00e9 sur <a title=\"Val\u00e9rian \u2013 Le Jeu Video\" href=\"http:\/\/dominique.sciamma.com\/?page_id=767\"><strong>plusieurs projets de jeu video sur l&rsquo;univers de<\/strong> <strong>Val\u00e9rian<\/strong><\/a> (avec les \u00e9diteurs Microfolies puis Virtual studio) sans que le projet ne puisse aboutir.<\/p>\n","protected":false},"excerpt":{"rendered":"<p>J&rsquo;ai \u00e9t\u00e9 nourri de BD depuis mon plus jeune \u00e2ge. Mes semaines d&rsquo;enfant \u00e9tait aussi rythm\u00e9es par les lectures (le jeudi !) des magazines de Mickey, de Tintin, de Spirou, puis de Pilote \u00e0 partir de 1969. Je suis d&rsquo;ailleurs &hellip; <a href=\"https:\/\/dominique.sciamma.com\/?page_id=131\">Lire la suite <span class=\"meta-nav\">&rarr;<\/span><\/a><\/p>\n","protected":false},"author":1,"featured_media":0,"parent":471,"menu_order":1,"comment_status":"closed","ping_status":"open","template":"","meta":{"footnotes":""},"_links":{"self":[{"href":"https:\/\/dominique.sciamma.com\/index.php?rest_route=\/wp\/v2\/pages\/131"}],"collection":[{"href":"https:\/\/dominique.sciamma.com\/index.php?rest_route=\/wp\/v2\/pages"}],"about":[{"href":"https:\/\/dominique.sciamma.com\/index.php?rest_route=\/wp\/v2\/types\/page"}],"author":[{"embeddable":true,"href":"https:\/\/dominique.sciamma.com\/index.php?rest_route=\/wp\/v2\/users\/1"}],"replies":[{"embeddable":true,"href":"https:\/\/dominique.sciamma.com\/index.php?rest_route=%2Fwp%2Fv2%2Fcomments&post=131"}],"version-history":[{"count":8,"href":"https:\/\/dominique.sciamma.com\/index.php?rest_route=\/wp\/v2\/pages\/131\/revisions"}],"predecessor-version":[{"id":135,"href":"https:\/\/dominique.sciamma.com\/index.php?rest_route=\/wp\/v2\/pages\/131\/revisions\/135"}],"up":[{"embeddable":true,"href":"https:\/\/dominique.sciamma.com\/index.php?rest_route=\/wp\/v2\/pages\/471"}],"wp:attachment":[{"href":"https:\/\/dominique.sciamma.com\/index.php?rest_route=%2Fwp%2Fv2%2Fmedia&parent=131"}],"curies":[{"name":"wp","href":"https:\/\/api.w.org\/{rel}","templated":true}]}}