{"id":481,"date":"2012-12-27T09:19:59","date_gmt":"2012-12-27T08:19:59","guid":{"rendered":"http:\/\/dominique.sciamma.com\/?page_id=481"},"modified":"2014-12-22T17:46:15","modified_gmt":"2014-12-22T16:46:15","slug":"les-enfants-deole","status":"publish","type":"page","link":"https:\/\/dominique.sciamma.com\/?page_id=481","title":{"rendered":"Les Enfants d&rsquo;Eole"},"content":{"rendered":"<h1>Projet de dessin anim\u00e9 &#8211; (1992-1996)<\/h1>\n<p><strong>En f\u00e9vrier 1992<\/strong>, j&rsquo;accompagne <a title=\"Site officiel de Jean-Claude M\u00e9zi\u00e8res\" href=\"http:\/\/www.noosfere.org\/mezieres\/index.asp\" target=\"_blank\"><strong>Jean-Claude M\u00e9zi\u00e8re<\/strong><\/a> &#8211; le papa de Val\u00e9rian &#8211; \u00e0 une r\u00e9union chez un producteur de dessin anim\u00e9 d\u00e9sireux de le faire travailler sur un projet centr\u00e9 sur les jeux vid\u00e9o. Assez peu sensible \u00e0 cette th\u00e9matique, Jean-Claude propose de travailler sur quelque chose de radicalement diff\u00e9rent, autour de la vie d&rsquo;un petit gar\u00e7on, avec un papa et une maman, mais sur une autre plan\u00e8te.<\/p>\n<p>Il me demande, sur cette base de lui proposer quelque chose. Je me saisis donc de cette id\u00e9e et d\u00e9velopp\u00e9 un projet assez ambitieux &#8211;<strong>Th\u00e9o et Charlie<\/strong> &#8211; qui adresse des enjeux \u00e9cologiques et politiques, construite autour d&rsquo;un petit gar\u00e7on (Th\u00e9o) et de son compagnon \u00e9lectronique intelligent.<\/p>\n<p style=\"padding-left: 30px;\"><i>Dans un futur relativement proche et familier, la Terre\u00a0 surexploit\u00e9e, victime d&rsquo;un d\u00e9sastre \u00e9cologique, a \u00e9t\u00e9 mise en jach\u00e8re. Des colonies terriennes se sont install\u00e9es sur diverses plan\u00e8tes, bien d\u00e9cid\u00e9es \u00e0 ne pas reproduire de telles catastrophes.<\/i><\/p>\n<p style=\"padding-left: 30px;\"><i>Sur une de ces plan\u00e8tes, Eole, vit un petit gar\u00e7on d&rsquo;une dizaine d&rsquo;ann\u00e9es pr\u00e9nomm\u00e9 Th\u00e9o.\u00a0 Il a la vie d&rsquo;une petit gar\u00e7on d&rsquo;aujourd&rsquo;hui: il\u00a0 rechigne a se r\u00e9veiller pour aller \u00e0 l&rsquo;\u00e9cole, il s&rsquo;y rend en prenant un school-bus, il a des copains\u00a0 et des copines,\u00a0 il accompagne sa maman au supermarch\u00e9, etc. &#8230;<\/i><\/p>\n<p style=\"padding-left: 30px;\"><i>Th\u00e9o, comme tous ses camarades, a un compagnon \u00e9lectronique qu&rsquo;il a appel\u00e9 Charlie. Tour \u00e0 tour partenaire, r\u00e9p\u00e9titeur,\u00a0 ou ordinateur, Charlie accompagne Th\u00e9o partout. Il est son Jiminy Cricket artificiel. Il entend, voit, sent, parle. Il se pr\u00e9sente comme une sorte de bandeau port\u00e9 sur l&rsquo;\u00e9paule. Mais \u00e0 la diff\u00e9rence de tous les autres compagnons, Charlie est diff\u00e9rent en ce qu&rsquo;en plus de son intelligence artificielle, Charlie est conscient, \u00e0 la suite d&rsquo;un d\u00e9faut de fabrication.<\/i><\/p>\n<p style=\"padding-left: 30px;\"><i>Th\u00e9o et Charlie vont se trouver confront\u00e9s \u00e0 diverses menaces \u00e9cologiques, sur leur plan\u00e8te ou sur la Terre, auxquelles ils rem\u00e9dieront gr\u00e2ce \u00e0 leur intelligence commune. Chaque menace et sa solution constituera le c\u0153ur d&rsquo;un \u00e9pisode.<\/i><\/p>\n<p>\u00a0Sur cette base, <strong><a title=\"Site officiel de Pierre Christin\" href=\"http:\/\/www.pierrechristin.com\/\" target=\"_blank\">Pierre CHRISTIN<\/a><\/strong> rentre dans la danse, et nous musclons encore plus le projet, en \u00e9tant plus pr\u00e9cis sur l&rsquo;\u00e9co-syst\u00e8me de la plan\u00e8te. Une <strong>deuxi\u00e8me mouture<\/strong> du projet &#8211; qui devient \u00ab\u00a0Les Enfants d&rsquo;Eole\u00a0\u00bb &#8211; est donc \u00e9crite et propos\u00e9e et discut\u00e9e avec la maison de production, qui n&rsquo;ira cependant pas plus loin.<\/p>\n<p>L&rsquo;\u00e9nergie de Jean-Claude et Pierre \u00e9tant consacr\u00e9e au montage et au suivi de la s\u00e9rie de dessin anim\u00e9 Val\u00e9rian, et au 5\u00e8me El\u00e9ment, le projet ne se d\u00e9veloppe pas plus, m\u00eame si je le pr\u00e9sente r\u00e9guli\u00e8rement \u00e0 des acteurs du march\u00e9, dont Bibo Films. Jusqu&rsquo;au jour o\u00f9 je le pr\u00e9sente \u00e0 mon ami <a title=\"Rencontre avec Jean Druon.\" href=\"http:\/\/www.reseauxcitoyens-st-etienne.org\/article.php3?id_article=2033\" target=\"_blank\"><strong>Jean DRUON<\/strong><\/a>, qui dirige <strong>Culture Production<\/strong> et avec qui j&rsquo;avais collabor\u00e9 sur un documentaire d\u00e9di\u00e9 \u00e0 l&rsquo;Intelligence Artificielle en 1988. Le concept d&rsquo;\u00e9quilibre ( de d\u00e9veloppement durable m\u00eame) d\u00e9velopp\u00e9 dans le projet le s\u00e9duit et il se propose de nous aider \u00e0 le monter.<\/p>\n<p>Je remobilise donc mes camarades Jean-Claude et Pierre, et <strong>r\u00e9\u00e9crit le document fondateur<\/strong> (avec une version en anglais) pour candidater \u00e0 l&rsquo;aide \u00e0 l&rsquo;\u00e9criture offerte par le <a title=\"Site de Cartoon Media\" href=\"http:\/\/www.cartoon-media.eu\/about.php\" target=\"_blank\"><strong>Programme Europ\u00e9en Cartoon\/M\u00e9dia<\/strong><\/a>.<br \/>\n<strong>Et nous d\u00e9crochons l&rsquo;aide au d\u00e9veloppement !<\/strong><\/p>\n<p>Avec l&rsquo;aide de <a title=\"Le site de Daniel CACOUAULT\" href=\"http:\/\/danielcacouaultsblog.blogspot.fr\/\" target=\"_blank\"><strong>Daniel CACOUAULT<\/strong><\/a>, sp\u00e9cialiste des d\u00e9cors et du Layout recontr\u00e9 chez Bibo Films, nous d\u00e9veloppons donc visuellement l&rsquo;univers des Enfants d&rsquo;Eole. Pendant que je peaufine avec Pierre la bible du projet (environnement, personnages, synopsis d&rsquo;\u00e9pisodes), Jean-Claude dessine les personnages ainsi que quelques repr\u00e9sentants de la faune de la plan\u00e8te.<\/p>\n<p><a href=\"http:\/\/dominique.sciamma.com\/?attachment_id=497\" rel=\"attachment wp-att-497\"><img loading=\"lazy\" decoding=\"async\" class=\"alignnone size-large wp-image-497\" alt=\"smallpays3\" src=\"http:\/\/dominique.sciamma.com\/wp-content\/uploads\/2012\/12\/smallpays3-1024x647.jpg\" width=\"584\" height=\"368\" srcset=\"https:\/\/dominique.sciamma.com\/wp-content\/uploads\/2012\/12\/smallpays3-1024x647.jpg 1024w, https:\/\/dominique.sciamma.com\/wp-content\/uploads\/2012\/12\/smallpays3-300x189.jpg 300w, https:\/\/dominique.sciamma.com\/wp-content\/uploads\/2012\/12\/smallpays3-474x300.jpg 474w\" sizes=\"(max-width: 584px) 100vw, 584px\" \/><\/a><\/p>\n<p>Nous avons alors un<strong>\u00a0magnifique\u00a0dossier, une mini-bible du projet<\/strong>, que Culture Production va pouvoir pr\u00e9senter aux diffuseurs, voire \u00e0 des co-producteurs. Ce que nous fimes, puisque nous vimes TF1, France 3, M6, Gaumont, etc&#8230;<\/p>\n<p><a href=\"http:\/\/dominique.sciamma.com\/?attachment_id=530\" rel=\"attachment wp-att-530\"><img loading=\"lazy\" decoding=\"async\" class=\"alignnone size-large wp-image-530\" alt=\"Microsoft Word - les_Enfants_D_Eole_1996.docx\" src=\"http:\/\/dominique.sciamma.com\/wp-content\/uploads\/2012\/12\/les_Enfants_D_Eole_1996-1-1024x688.jpg\" width=\"584\" height=\"392\" srcset=\"https:\/\/dominique.sciamma.com\/wp-content\/uploads\/2012\/12\/les_Enfants_D_Eole_1996-1-1024x688.jpg 1024w, https:\/\/dominique.sciamma.com\/wp-content\/uploads\/2012\/12\/les_Enfants_D_Eole_1996-1-300x201.jpg 300w, https:\/\/dominique.sciamma.com\/wp-content\/uploads\/2012\/12\/les_Enfants_D_Eole_1996-1-446x300.jpg 446w\" sizes=\"(max-width: 584px) 100vw, 584px\" \/><\/a><\/p>\n<p>Si cela alla assez loin avec TF1\/TEVA, cela ne se concr\u00e9tisa toutefois pas, et le projet resta en l&rsquo;\u00e9tat. Rien n&rsquo;a chang\u00e9 depuis, m\u00eame si je continue de penser que le projet a un \u00e9norme potentiel.<\/p>\n<p><a title=\"La Bible des Enfants d'Eole\" href=\"http:\/\/dominique.sciamma.com\/wp-content\/uploads\/2014\/12\/Bible-les-enfants-d-eole.pdf\" target=\"_blank\"><strong>Vous pouvez lire ici la bible de ce dessin anim\u00e9 toujours \u00e0 venir<\/strong><\/a> !<\/p>\n<p>&nbsp;<\/p>\n","protected":false},"excerpt":{"rendered":"<p>Projet de dessin anim\u00e9 &#8211; (1992-1996) En f\u00e9vrier 1992, j&rsquo;accompagne Jean-Claude M\u00e9zi\u00e8re &#8211; le papa de Val\u00e9rian &#8211; \u00e0 une r\u00e9union chez un producteur de dessin anim\u00e9 d\u00e9sireux de le faire travailler sur un projet centr\u00e9 sur les jeux vid\u00e9o. &hellip; <a href=\"https:\/\/dominique.sciamma.com\/?page_id=481\">Lire la suite <span class=\"meta-nav\">&rarr;<\/span><\/a><\/p>\n","protected":false},"author":1,"featured_media":0,"parent":471,"menu_order":2,"comment_status":"closed","ping_status":"open","template":"","meta":{"footnotes":""},"_links":{"self":[{"href":"https:\/\/dominique.sciamma.com\/index.php?rest_route=\/wp\/v2\/pages\/481"}],"collection":[{"href":"https:\/\/dominique.sciamma.com\/index.php?rest_route=\/wp\/v2\/pages"}],"about":[{"href":"https:\/\/dominique.sciamma.com\/index.php?rest_route=\/wp\/v2\/types\/page"}],"author":[{"embeddable":true,"href":"https:\/\/dominique.sciamma.com\/index.php?rest_route=\/wp\/v2\/users\/1"}],"replies":[{"embeddable":true,"href":"https:\/\/dominique.sciamma.com\/index.php?rest_route=%2Fwp%2Fv2%2Fcomments&post=481"}],"version-history":[{"count":15,"href":"https:\/\/dominique.sciamma.com\/index.php?rest_route=\/wp\/v2\/pages\/481\/revisions"}],"predecessor-version":[{"id":1216,"href":"https:\/\/dominique.sciamma.com\/index.php?rest_route=\/wp\/v2\/pages\/481\/revisions\/1216"}],"up":[{"embeddable":true,"href":"https:\/\/dominique.sciamma.com\/index.php?rest_route=\/wp\/v2\/pages\/471"}],"wp:attachment":[{"href":"https:\/\/dominique.sciamma.com\/index.php?rest_route=%2Fwp%2Fv2%2Fmedia&parent=481"}],"curies":[{"name":"wp","href":"https:\/\/api.w.org\/{rel}","templated":true}]}}