{"id":626,"date":"2012-12-29T16:12:14","date_gmt":"2012-12-29T15:12:14","guid":{"rendered":"http:\/\/dominique.sciamma.com\/?page_id=626"},"modified":"2013-01-01T16:16:20","modified_gmt":"2013-01-01T15:16:20","slug":"xiii","status":"publish","type":"page","link":"https:\/\/dominique.sciamma.com\/?page_id=626","title":{"rendered":"Le Myst\u00e8re XIII"},"content":{"rendered":"<p>En 1996, je suis souvent chez DARGAUD, o\u00f9 je fais la connaissance, gr\u00e2ce \u00e0 mon camarade Jean-Claude M\u00e9zi\u00e8res de de <a title=\"Fiche Wikipedia de Guy VIDAL\" href=\"http:\/\/fr.wikipedia.org\/wiki\/Guy_Vidal\" target=\"_blank\"><strong>Guy VIDAL<\/strong><\/a>, ainsi que de son directeur g\u00e9n\u00e9ral de l&rsquo;\u00e9poque,\u00a0<strong>Fran\u00e7ois PERNOT.<\/strong><\/p>\n<p>Grand amateur de <strong>XIII, la c\u00e9l\u00e8bre s\u00e9rie de Jean Van hamme et William Vance<\/strong>, je propose \u00e0 Fran\u00e7ois \u00a0de \u00ab\u00a0CD-Romiser\u00a0\u00bb un livre en pr\u00e9paration sur\u00a0le h\u00e9ros amn\u00e9sique\u00a0(\u00ab\u00a0<strong>Le Myst\u00e8re XIII\u00a0\u00bb<\/strong>), livre qui sera \u00e9dit\u00e9 bien plus tard.<\/p>\n<p><a href=\"http:\/\/dominique.sciamma.com\/wp-content\/uploads\/2012\/12\/vanhamme.jpg\"><img loading=\"lazy\" decoding=\"async\" class=\"alignnone size-full wp-image-657\" alt=\"vanhamme\" src=\"http:\/\/dominique.sciamma.com\/wp-content\/uploads\/2012\/12\/vanhamme.jpg\" width=\"134\" height=\"170\" \/><\/a>\u00a0 \u00a0 \u00a0 \u00a0 \u00a0 \u00a0\u00a0<a href=\"http:\/\/dominique.sciamma.com\/wp-content\/uploads\/2012\/12\/vance.jpg\"><img loading=\"lazy\" decoding=\"async\" class=\"alignnone size-full wp-image-656\" alt=\"vance\" src=\"http:\/\/dominique.sciamma.com\/wp-content\/uploads\/2012\/12\/vance.jpg\" width=\"140\" height=\"170\" \/><\/a><\/p>\n<p>L&rsquo;id\u00e9e fait son chemin, puisque rapidement M6 et France Telecom Multim\u00e9dia d\u00e9cide de se lancer dans l&rsquo;aventure en en confiant le d\u00e9veloppement \u00e0 la soci\u00e9t\u00e9 SDI.<\/p>\n<p>Il s&rsquo;agit en fait pour Dargaud d&rsquo;orchestrer la sortie de \u00ab\u00a0<strong>XIII contre Un<\/strong>\u00a0\u00bb au dernier trimestre 1997, qui vient clore le cycle d\u00e9but\u00e9 avec \u00ab\u00a0L<strong>e Jour du Soleil Noir<\/strong>\u00ab\u00a0. Il faut donc absolument que le CD-ROM soit en kiosque (puisque c&rsquo;est le canal de distribution qu&rsquo;il sest chois) au moment de la sortie.<br \/>\n<strong>Une campagne de pub t\u00e9l\u00e9vis\u00e9e sera pr\u00e9par\u00e9e<\/strong> car &#8211; et c&rsquo;est l\u00e0 le coup de g\u00e9nie de Dragaud &#8211; il es t interdit \u00e0 l&rsquo;poque de faire de la publict\u00e9 pour des livres \u00e0 la t\u00e9l\u00e9vision, et cette campagne pour le jeu fera cette publicit\u00e9 de mani\u00e8re adroite et d\u00e9tourn\u00e9e pour l&rsquo;album !<\/p>\n<p>Apr\u00e8s quelques balbutiements, la production se met en place, et je travaille avec mon ami\u00a0<a title=\"Le site de Bernard Prieur-Smester\" href=\"http:\/\/www.smester.com\/\" target=\"_blank\"><strong>Bernard Prieur-Smeste<\/strong><\/a>r (que je rencontre \u00e0 ce moment l\u00e0). A lui la scenarisation multim\u00e9dia, \u00e0 moi la narration (texte, sc\u00e9narisation, choix des vignettes de r\u00e9\u00e9rences).<br \/>\nUne \u00e9quipe motiv\u00e9e chez SDI va \u00e9laborer un moteur d\u00e9di\u00e9 au jeu, qui va permettre \u00e0 l&rsquo;utilisateur de faire son enqu\u00e8te en se mettant dans la peau de Warren GLASS, un journaliste qui part \u00e0 la recherche de la v\u00e9rit\u00e9 sur l&rsquo;assassinant du pr\u00e9sident des Etats-Unis.<\/p>\n<p><a href=\"http:\/\/dominique.sciamma.com\/wp-content\/uploads\/2012\/12\/MystereXIII.png\"><img loading=\"lazy\" decoding=\"async\" class=\"alignnone size-full wp-image-638\" alt=\"MystereXIII\" src=\"http:\/\/dominique.sciamma.com\/wp-content\/uploads\/2012\/12\/MystereXIII.png\" width=\"203\" height=\"320\" srcset=\"https:\/\/dominique.sciamma.com\/wp-content\/uploads\/2012\/12\/MystereXIII.png 203w, https:\/\/dominique.sciamma.com\/wp-content\/uploads\/2012\/12\/MystereXIII-190x300.png 190w\" sizes=\"(max-width: 203px) 100vw, 203px\" \/><\/a><\/p>\n<p>J&rsquo;ai eu la joie, pendant l&rsquo;hiver 1996-1997, de faire le voyage dans une Bruxelles enneig\u00e9e pour y rencontrer <strong>Jean Van Hamme<\/strong>, qui m&rsquo;a fait l&rsquo;honneur de me recevoir chez lui dans la banlieue chic de la capitale. Nous avons travaill\u00e9 pendant une journ\u00e9e sur la logique de narration du CD-ROM.<br \/>\nA noter que le jeu se termine avec <strong>une interview de XIII<\/strong> lui-m\u00eame, que j&rsquo;ai \u00e9crite et qui a re\u00e7u l&rsquo;imprimatur de Jean Van Hamme.<\/p>\n<p>Jeu d&rsquo;\u00e9nigmes bas\u00e9 sur les 11 premiers volumes de la s\u00e9rie, il se pr\u00e9sente sous la forme d&rsquo;une bande dessin\u00e9e dans laquelle le joueur \u00e9volue \u00e0 la recherche d&rsquo;indices lui permettant de retrouver\u00a0XIII. Dans ce jeu, on ne joue pas le personnage mais celui d&rsquo;un journaliste \u00e0 sa recherche afin d&rsquo;obtenir une interview et de faire \u00e9clater la v\u00e9rit\u00e9 sur l&rsquo;affaire. Le jeu est constitu\u00e9 de six dossiers \u00e0 compl\u00e9ter \u00e0 l&rsquo;aide des indices r\u00e9colt\u00e9s au fur et \u00e0 mesure de la progression et des rencontres avec les personnages de la s\u00e9rie. Tr\u00e8s proche de l&rsquo;univers de XIII gr\u00e2ce \u00e0 l&#8217;emploi d&rsquo;une pr\u00e9sentation style BD avec laquelle le joueur interagit afin de progresser dans son enqu\u00eate.<\/p>\n<p><a href=\"http:\/\/dominique.sciamma.com\/wp-content\/uploads\/2012\/12\/XIII-01-1.jpg\"><img loading=\"lazy\" decoding=\"async\" class=\"alignnone size-full wp-image-640\" alt=\"XIII-01 (1)\" src=\"http:\/\/dominique.sciamma.com\/wp-content\/uploads\/2012\/12\/XIII-01-1.jpg\" width=\"654\" height=\"449\" srcset=\"https:\/\/dominique.sciamma.com\/wp-content\/uploads\/2012\/12\/XIII-01-1.jpg 654w, https:\/\/dominique.sciamma.com\/wp-content\/uploads\/2012\/12\/XIII-01-1-300x205.jpg 300w, https:\/\/dominique.sciamma.com\/wp-content\/uploads\/2012\/12\/XIII-01-1-436x300.jpg 436w\" sizes=\"(max-width: 654px) 100vw, 654px\" \/><\/a><\/p>\n<p><a href=\"http:\/\/dominique.sciamma.com\/wp-content\/uploads\/2012\/12\/XIII-03-1.jpg\"><img loading=\"lazy\" decoding=\"async\" class=\"alignnone size-full wp-image-643\" alt=\"XIII-03 (1)\" src=\"http:\/\/dominique.sciamma.com\/wp-content\/uploads\/2012\/12\/XIII-03-1.jpg\" width=\"654\" height=\"449\" srcset=\"https:\/\/dominique.sciamma.com\/wp-content\/uploads\/2012\/12\/XIII-03-1.jpg 654w, https:\/\/dominique.sciamma.com\/wp-content\/uploads\/2012\/12\/XIII-03-1-300x205.jpg 300w, https:\/\/dominique.sciamma.com\/wp-content\/uploads\/2012\/12\/XIII-03-1-436x300.jpg 436w\" sizes=\"(max-width: 654px) 100vw, 654px\" \/><\/a><\/p>\n<p>&nbsp;<\/p>\n<p><a href=\"http:\/\/dominique.sciamma.com\/wp-content\/uploads\/2012\/12\/XIII-04-1.jpg\"><img loading=\"lazy\" decoding=\"async\" class=\"alignnone size-full wp-image-645\" alt=\"XIII-04 (1)\" src=\"http:\/\/dominique.sciamma.com\/wp-content\/uploads\/2012\/12\/XIII-04-1.jpg\" width=\"654\" height=\"454\" srcset=\"https:\/\/dominique.sciamma.com\/wp-content\/uploads\/2012\/12\/XIII-04-1.jpg 654w, https:\/\/dominique.sciamma.com\/wp-content\/uploads\/2012\/12\/XIII-04-1-300x208.jpg 300w, https:\/\/dominique.sciamma.com\/wp-content\/uploads\/2012\/12\/XIII-04-1-432x300.jpg 432w\" sizes=\"(max-width: 654px) 100vw, 654px\" \/><\/a><\/p>\n<p>Le titre sort dans les temps pr\u00e9vu en automne 1997 avec une jolie campagne t\u00e9l\u00e9vis\u00e9e, et atteint \u00e0 la fois sa cible et son but : faire le Buzz autour de XIII.<\/p>\n<p>Voici un<a title=\"Critique de Gros Pixel\" href=\"http:\/\/www.grospixels.com\/site\/xiii.php\" target=\"_blank\"> lien vers une critique du jeu <\/a>au moment de sa sortie.<\/p>\n<p>Vous pouvez lire ici un exemple de sc\u00e9narisation d&rsquo;un des 6 dossiers du jeu.<\/p>\n<ul>\n<li>Dossier 6 :\u00a0<a href=\"http:\/\/dominique.sciamma.com\/wp-content\/uploads\/2012\/12\/XIII-Dossier6.pdf\">XIII-Dossier6<\/a><\/li>\n<li>Interview de XIII :\u00a0<a href=\"http:\/\/dominique.sciamma.com\/wp-content\/uploads\/2012\/12\/Epilogue-Interview-XIII.pdf\">Epilogue-Interview-XIII<\/a><\/li>\n<\/ul>\n<p>&nbsp;<\/p>\n","protected":false},"excerpt":{"rendered":"<p>En 1996, je suis souvent chez DARGAUD, o\u00f9 je fais la connaissance, gr\u00e2ce \u00e0 mon camarade Jean-Claude M\u00e9zi\u00e8res de de Guy VIDAL, ainsi que de son directeur g\u00e9n\u00e9ral de l&rsquo;\u00e9poque,\u00a0Fran\u00e7ois PERNOT. Grand amateur de XIII, la c\u00e9l\u00e8bre s\u00e9rie de Jean &hellip; <a href=\"https:\/\/dominique.sciamma.com\/?page_id=626\">Lire la suite <span class=\"meta-nav\">&rarr;<\/span><\/a><\/p>\n","protected":false},"author":1,"featured_media":0,"parent":761,"menu_order":1,"comment_status":"closed","ping_status":"open","template":"","meta":{"footnotes":""},"_links":{"self":[{"href":"https:\/\/dominique.sciamma.com\/index.php?rest_route=\/wp\/v2\/pages\/626"}],"collection":[{"href":"https:\/\/dominique.sciamma.com\/index.php?rest_route=\/wp\/v2\/pages"}],"about":[{"href":"https:\/\/dominique.sciamma.com\/index.php?rest_route=\/wp\/v2\/types\/page"}],"author":[{"embeddable":true,"href":"https:\/\/dominique.sciamma.com\/index.php?rest_route=\/wp\/v2\/users\/1"}],"replies":[{"embeddable":true,"href":"https:\/\/dominique.sciamma.com\/index.php?rest_route=%2Fwp%2Fv2%2Fcomments&post=626"}],"version-history":[{"count":12,"href":"https:\/\/dominique.sciamma.com\/index.php?rest_route=\/wp\/v2\/pages\/626\/revisions"}],"predecessor-version":[{"id":628,"href":"https:\/\/dominique.sciamma.com\/index.php?rest_route=\/wp\/v2\/pages\/626\/revisions\/628"}],"up":[{"embeddable":true,"href":"https:\/\/dominique.sciamma.com\/index.php?rest_route=\/wp\/v2\/pages\/761"}],"wp:attachment":[{"href":"https:\/\/dominique.sciamma.com\/index.php?rest_route=%2Fwp%2Fv2%2Fmedia&parent=626"}],"curies":[{"name":"wp","href":"https:\/\/api.w.org\/{rel}","templated":true}]}}