{"id":745,"date":"2013-01-01T09:45:46","date_gmt":"2013-01-01T08:45:46","guid":{"rendered":"http:\/\/dominique.sciamma.com\/?page_id=745"},"modified":"2013-01-02T07:38:14","modified_gmt":"2013-01-02T06:38:14","slug":"quizz-la-poste","status":"publish","type":"page","link":"https:\/\/dominique.sciamma.com\/?page_id=745","title":{"rendered":"Quizz \u00ab\u00a0La Poste\u00a0\u00bb"},"content":{"rendered":"<p>En 2000, la soci\u00e9t\u00e9 Patagonie me demande de sc\u00e9nariser et r\u00e9aliser un Quizz sur l&rsquo;univers de \u00a0La Poste \u00e0 l&rsquo;occasion de la participation de celle-ci au congr\u00e8s des Maires de France.<\/p>\n<p>,Il s&rsquo;agit de r\u00e9aliser une application interactive tournant sur une borne, dans laquelle\u00a0des questions \u00e0 choix multiples sont pos\u00e9es au joueur.<\/p>\n<p>Je travaille avec alors avec <a title=\"le site de Mediathan\" href=\"http:\/\/www.mediathan.com\/\" target=\"_blank\"><strong>Luc Gourbil<\/strong><\/a> et <a title=\"Le site de Didier Balick\" href=\"http:\/\/didierbalick.wix.com\/coach\" target=\"_blank\"><strong>Didier Balick<\/strong><\/a>, et le dessinateur <a title=\"le site de BODZ'\" href=\"http:\/\/www.bodz.fr\/\" target=\"_blank\"><strong>BODZ<\/strong><\/a>&lsquo; et me frotte pour la premi\u00e8re fois au d\u00e9veloppement en DHML et au CSS.<\/p>\n<p><a title=\"Quizz La Poste\" href=\"http:\/\/dominique.sciamma.com\/LaPoste\/home.htm\" target=\"_blank\"><img loading=\"lazy\" decoding=\"async\" class=\"alignnone size-full wp-image-746\" alt=\"Quizz-Laposte\" src=\"http:\/\/dominique.sciamma.com\/wp-content\/uploads\/2013\/01\/Quizz-Laposte.jpg\" width=\"600\" height=\"494\" srcset=\"https:\/\/dominique.sciamma.com\/wp-content\/uploads\/2013\/01\/Quizz-Laposte.jpg 600w, https:\/\/dominique.sciamma.com\/wp-content\/uploads\/2013\/01\/Quizz-Laposte-300x247.jpg 300w, https:\/\/dominique.sciamma.com\/wp-content\/uploads\/2013\/01\/Quizz-Laposte-364x300.jpg 364w\" sizes=\"(max-width: 600px) 100vw, 600px\" \/><\/a><\/p>\n<p><a title=\"Quizz La Poste\" href=\"http:\/\/dominique.sciamma.com\/LaPoste\/home.htm\" target=\"_blank\"><strong>Vous pouvez jouer ici !<\/strong><\/a><\/p>\n<p>&nbsp;<\/p>\n<p>&nbsp;<\/p>\n","protected":false},"excerpt":{"rendered":"<p>En 2000, la soci\u00e9t\u00e9 Patagonie me demande de sc\u00e9nariser et r\u00e9aliser un Quizz sur l&rsquo;univers de \u00a0La Poste \u00e0 l&rsquo;occasion de la participation de celle-ci au congr\u00e8s des Maires de France. ,Il s&rsquo;agit de r\u00e9aliser une application interactive tournant sur &hellip; <a href=\"https:\/\/dominique.sciamma.com\/?page_id=745\">Lire la suite <span class=\"meta-nav\">&rarr;<\/span><\/a><\/p>\n","protected":false},"author":1,"featured_media":0,"parent":617,"menu_order":4,"comment_status":"closed","ping_status":"open","template":"","meta":{"footnotes":""},"_links":{"self":[{"href":"https:\/\/dominique.sciamma.com\/index.php?rest_route=\/wp\/v2\/pages\/745"}],"collection":[{"href":"https:\/\/dominique.sciamma.com\/index.php?rest_route=\/wp\/v2\/pages"}],"about":[{"href":"https:\/\/dominique.sciamma.com\/index.php?rest_route=\/wp\/v2\/types\/page"}],"author":[{"embeddable":true,"href":"https:\/\/dominique.sciamma.com\/index.php?rest_route=\/wp\/v2\/users\/1"}],"replies":[{"embeddable":true,"href":"https:\/\/dominique.sciamma.com\/index.php?rest_route=%2Fwp%2Fv2%2Fcomments&post=745"}],"version-history":[{"count":6,"href":"https:\/\/dominique.sciamma.com\/index.php?rest_route=\/wp\/v2\/pages\/745\/revisions"}],"predecessor-version":[{"id":837,"href":"https:\/\/dominique.sciamma.com\/index.php?rest_route=\/wp\/v2\/pages\/745\/revisions\/837"}],"up":[{"embeddable":true,"href":"https:\/\/dominique.sciamma.com\/index.php?rest_route=\/wp\/v2\/pages\/617"}],"wp:attachment":[{"href":"https:\/\/dominique.sciamma.com\/index.php?rest_route=%2Fwp%2Fv2%2Fmedia&parent=745"}],"curies":[{"name":"wp","href":"https:\/\/api.w.org\/{rel}","templated":true}]}}