{"id":753,"date":"2013-01-01T15:25:44","date_gmt":"2013-01-01T14:25:44","guid":{"rendered":"http:\/\/dominique.sciamma.com\/?page_id=753"},"modified":"2013-01-02T07:30:52","modified_gmt":"2013-01-02T06:30:52","slug":"vers-leuro-et-au-dela","status":"publish","type":"page","link":"https:\/\/dominique.sciamma.com\/?page_id=753","title":{"rendered":"Vers l&rsquo;Euro et Au-Del\u00e0 !"},"content":{"rendered":"<p>En 1997, je donne une conf\u00e9rence sur La Tribune.fr au CNBDI \u00e0 Angoul\u00eame organis\u00e9e par <a title=\"Jean-Louis N\u00e9e sur Linkedin\" href=\"http:\/\/www.linkedin.com\/pub\/jean-louis-n%C3%A9e\/1b\/b21\/a85\" target=\"_blank\"><strong>Jean-Louis NEE<\/strong><\/a>, cr\u00e9ateur et patron <a title=\"Le Sit d'Actufax\" href=\"http:\/\/didierbalick.wix.com\/coach\" target=\"_blank\"><strong>d&rsquo;Actufax<\/strong><\/a>.<\/p>\n<p>De cette rencontre naitra non seulement une amiti\u00e9, mais aussi plusieurs projets, dont un CD-ROM sur le passage \u00e0 l&rsquo;EURO.<\/p>\n<p><a href=\"http:\/\/dominique.sciamma.com\/wp-content\/uploads\/2013\/01\/euro-couv1.jpg\"><img loading=\"lazy\" decoding=\"async\" alt=\"euro-couv1\" src=\"http:\/\/dominique.sciamma.com\/wp-content\/uploads\/2013\/01\/euro-couv1-225x300.jpg\" width=\"225\" height=\"300\" \/><\/a>\u00a0 \u00a0 \u00a0<a href=\"http:\/\/dominique.sciamma.com\/wp-content\/uploads\/2013\/01\/euro-couv2.jpg\"><img loading=\"lazy\" decoding=\"async\" alt=\"euro-couv2\" src=\"http:\/\/dominique.sciamma.com\/wp-content\/uploads\/2013\/01\/euro-couv2-214x300.jpg\" width=\"214\" height=\"300\" \/><\/a><\/p>\n<p>Je suis ainsi recontact\u00e9, <strong>fin 1997<\/strong>, par ce m\u00eame Jean-Louis NEE pour sc\u00e9nariser un projet <strong>Pluri-m\u00e9dia sur le passage \u00e0 l&rsquo;Euro<\/strong> pour le compte de l&rsquo;<strong>Ordre des Experts Comptables,<\/strong> \u00e0 &lsquo;\u00e9poque dirig\u00e9 par Ren\u00e9 RICOL, qui s&rsquo;et depuis rendu c\u00e9l\u00e8bre en tant que cheville ouvri\u00e8re du Grand Emprunt.<\/p>\n<p>Jean-Louis a rassembl\u00e9 autour de lui <strong>une \u00e9quipe jeune<\/strong> qui rassemble des <strong>d\u00e9veloppeurs web<\/strong>, un \u00a0sc\u00e9nariste et directeur artistique (votre serviteur) et nos amis de l&rsquo;<strong>Atelier Sanzo<\/strong>t, fameux collectif d&rsquo;auteurs de BD bas\u00e9 \u00e0 Angoul\u00e8me, et anim\u00e9 par mon camarade <strong>Bernard Lambert<\/strong>.<\/p>\n<p>Le projet consiste en un coffret regroupant :<\/p>\n<ul>\n<li><strong>Un CD-ROM<\/strong> sur le passage \u00e0 l&rsquo;Euro, sur les d\u00e9marches comme sur les proc\u00e9dures (le tout d\u00e9velopp\u00e9 en HTML)<\/li>\n<li><strong>Un dictionnaire<\/strong> de 70 mots (sur du vulgaire papier !)<\/li>\n<\/ul>\n<p>Le tout illustr\u00e9 par un auteur de l&rsquo;Atelier, autour d&rsquo;un personnage embl\u00e9matique. Apr\u00e8s un premier essai sur une approche de Super-H\u00e9ros (une super h\u00e9roine en fait), nous d\u00e9cidons de broder autour de la jeunesse, qui sera au bout du compte la b\u00e9n\u00e9ficiaire et la porteuse de cette r\u00e9volution mon\u00e9taire.<\/p>\n<p><a title=\"Le CD-ROM &quot;Vers l'Euro et Au-del\u00e0 !&quot;\" href=\"http:\/\/dominique.sciamma.com\/Euro\" target=\"_blank\"><strong>Voir le site ici<\/strong><\/a> (<em>ne pas oublier que nous \u00e9tions en 1998 !<\/em>)<\/p>\n","protected":false},"excerpt":{"rendered":"<p>En 1997, je donne une conf\u00e9rence sur La Tribune.fr au CNBDI \u00e0 Angoul\u00eame organis\u00e9e par Jean-Louis NEE, cr\u00e9ateur et patron d&rsquo;Actufax. De cette rencontre naitra non seulement une amiti\u00e9, mais aussi plusieurs projets, dont un CD-ROM sur le passage \u00e0 &hellip; <a href=\"https:\/\/dominique.sciamma.com\/?page_id=753\">Lire la suite <span class=\"meta-nav\">&rarr;<\/span><\/a><\/p>\n","protected":false},"author":1,"featured_media":0,"parent":617,"menu_order":1,"comment_status":"closed","ping_status":"open","template":"","meta":{"footnotes":""},"_links":{"self":[{"href":"https:\/\/dominique.sciamma.com\/index.php?rest_route=\/wp\/v2\/pages\/753"}],"collection":[{"href":"https:\/\/dominique.sciamma.com\/index.php?rest_route=\/wp\/v2\/pages"}],"about":[{"href":"https:\/\/dominique.sciamma.com\/index.php?rest_route=\/wp\/v2\/types\/page"}],"author":[{"embeddable":true,"href":"https:\/\/dominique.sciamma.com\/index.php?rest_route=\/wp\/v2\/users\/1"}],"replies":[{"embeddable":true,"href":"https:\/\/dominique.sciamma.com\/index.php?rest_route=%2Fwp%2Fv2%2Fcomments&post=753"}],"version-history":[{"count":6,"href":"https:\/\/dominique.sciamma.com\/index.php?rest_route=\/wp\/v2\/pages\/753\/revisions"}],"predecessor-version":[{"id":833,"href":"https:\/\/dominique.sciamma.com\/index.php?rest_route=\/wp\/v2\/pages\/753\/revisions\/833"}],"up":[{"embeddable":true,"href":"https:\/\/dominique.sciamma.com\/index.php?rest_route=\/wp\/v2\/pages\/617"}],"wp:attachment":[{"href":"https:\/\/dominique.sciamma.com\/index.php?rest_route=%2Fwp%2Fv2%2Fmedia&parent=753"}],"curies":[{"name":"wp","href":"https:\/\/api.w.org\/{rel}","templated":true}]}}