{"id":790,"date":"2013-01-01T23:40:25","date_gmt":"2013-01-01T22:40:25","guid":{"rendered":"http:\/\/dominique.sciamma.com\/?page_id=790"},"modified":"2013-01-02T07:32:59","modified_gmt":"2013-01-02T06:32:59","slug":"havas-interactive","status":"publish","type":"page","link":"https:\/\/dominique.sciamma.com\/?page_id=790","title":{"rendered":"Havas Interactive"},"content":{"rendered":"<p>D\u00e9but 1998, je suis en relation avec <a title=\"Agn\u00e8s TOURAINE\" href=\"http:\/\/act3consultants.com\/_wsn\/page2.html\" target=\"_blank\"><strong>Agn\u00e8s TOURAINE<\/strong><\/a>, qui dirige alors <strong>HAVAS INTERACTIVE<\/strong>, second\u00e9 par <a title=\"Emmanuel SCHALIT\" href=\"http:\/\/act3consultants.com\/_wsn\/page2.html\" target=\"_blank\"><strong>Emmanuel SCHALIT<\/strong><\/a>.<\/p>\n<p>HAVAS poss\u00e8de \u00e0 cette \u00e9poque <strong>CEP Communication<\/strong>, un des plus grands \u00e9diteurs fran\u00e7ais, propri\u00e9taire, entre autres, des \u00e9ditions <strong>Larousse<\/strong>.<\/p>\n<p><a href=\"http:\/\/dominique.sciamma.com\/wp-content\/uploads\/2013\/01\/HIFRLogo.gif\"><img loading=\"lazy\" decoding=\"async\" class=\"alignnone size-full wp-image-798\" alt=\"HIFRLogo\" src=\"http:\/\/dominique.sciamma.com\/wp-content\/uploads\/2013\/01\/HIFRLogo.gif\" width=\"450\" height=\"100\" \/><\/a><\/p>\n<p>Havas Interactive\u00a0s&rsquo;appr\u00eate\u00a0\u00e0 devenir un des principaux \u00e9diteurs Multim\u00e9dia fran\u00e7ais (ce qu&rsquo;il deviendra en se transformant en Vivendi Universal), et \u00a0travaille \u00e0 ce moment sur la valorisation de contenu \u00e0 vocation encyclop\u00e9dique.<\/p>\n<p>Je travaille alors, pendant presque 2 ans pour Agn\u00e8s et Emmanuel sur <strong>3 projets.<\/strong><\/p>\n<h1>LE PROJET JIMINY<\/h1>\n<p>Le projet JIMINY (baptis\u00e9 par mes soins) consistait \u00e0 valoriser ce que l&rsquo;on appelait les ressources, c&rsquo;est \u00e0 dire les modules suivant :<\/p>\n<ul>\n<li>Thesaurus\u00a0: ensemble des mots et concepts associ\u00e9s \u00e0 un th\u00e8me.<\/li>\n<li>Conjugaison\u00a0: conjugaison des verbes de la langue fran\u00e7aise.<\/li>\n<li>Chronologie\u00a0: \u00a0suite des principaux \u00e9v\u00e9nements historiques.<\/li>\n<li>Biographies\u00a0: biographies de personnages c\u00e9l\u00e8bres ou historiques.<\/li>\n<li>Citations\u00a0: dictionnaire des citations.<\/li>\n<li>Faits et chiffres\u00a0: base de donn\u00e9es \u00e9conomique, g\u00e9ographique et historique.<\/li>\n<li>Mini-ressources\u00a0: fourre-tout &#8211; Nobel, Goncourt, les m\u00e9dailles Fields, etc&#8230;`<\/li>\n<\/ul>\n<p>Je propose donc \u00e0 Agn\u00e8s et Emmanuel de d\u00e9velopper un <strong>compagnon logiciel<\/strong>, capable d&rsquo;\u00eatre appeler sur un simple click droit sur n&rsquo;importe qu&rsquo;elle mot de n&rsquo;importe quelle application. Ce sera le projet <a title=\"Jiminy\" href=\"http:\/\/dominique.sciamma.com\/wp-content\/uploads\/2013\/01\/Spec-Jiminy.pdf\" target=\"_blank\"><strong>JIMINY<\/strong><\/a>.<\/p>\n<p>Je produis aussi un <strong>Business Plan<\/strong> o\u00f9 le produit est <strong>mon\u00e9tis\u00e9 au travers des fournisseurs d&rsquo;acc\u00e8s internet<\/strong> et de leur kit de connexion (ne cherchez pas, cela n&rsquo;existe plus !).<\/p>\n<p><strong>Lire :<\/strong><\/p>\n<ul>\n<li><a title=\"Documents d'\u00e9tude\" href=\"http:\/\/dominique.sciamma.com\/wp-content\/uploads\/2013\/01\/hyper-ref-specs.pdf\" target=\"_blank\"><strong>Document d&rsquo;\u00e9tude<\/strong><\/a><\/li>\n<li><a title=\"Jiminy\" href=\"http:\/\/dominique.sciamma.com\/wp-content\/uploads\/2013\/01\/Spec-Jiminy.pdf\" target=\"_blank\"><strong>Specification de Jiminy<\/strong><\/a><\/li>\n<\/ul>\n<h1>LE PROJET INFOPRO<\/h1>\n<p>InfoPro est le nom g\u00e9n\u00e9rique donn\u00e9 \u00e0 un projet de portail d\u2019Information Electronique Professionnelle (IEP) \u00e0 destination des responsable d\u2019entreprises\/Cadres d\u2019entreprises, \u00e0,partir des contenus du Groupe (base de donn\u00e9es, indices, presse, ouvrages de r\u00e9f\u00e9rences, etc\u2026), couvrant compl\u00e8tement l\u2019ensemble des probl\u00e9matiques d\u2019une entreprise.<br \/>\nLe syst\u00e8me, devait \u00eatre simple d\u2019utilisation et ne n\u00e9cessitant pas d\u2019expertise documentaires,\u00a0avec un syst\u00e8me d\u2019alerte ou de <i>Push<\/i> performant.<\/p>\n<p>Sur la base de qui est une simple d\u00e9claration d\u2019intention, l\u2019objet de cette \u00e9tude est d\u00a0\u2018\u00e9clairer Havas Interactive sur les possibilit\u00e9s de se positionner sur les march\u00e9 de l\u2019IEP avec une telle offre. Pour ce faire, il a \u00e9t\u00e9 n\u00e9cessaire :<\/p>\n<ul>\n<li>De dresser un tableau synth\u00e9tique de ce march\u00e9 (chiffres et acteurs)<\/li>\n<li>D\u2019\u00e9valuer les mouvements que ce march\u00e9 est en train de subir, notamment du fait de l\u2019apparition des nouvelles technologies Internet\/Intranet.<\/li>\n<li>De dessiner les divers sc\u00e9narios potentiels gr\u00e2ce auxquels Havas pourrait se positionner sur ce march\u00e9, que ce soit en terme d\u2019investissements ou de partenariats.<\/li>\n<\/ul>\n<p><strong><a title=\"Etude INFOPRO.\" href=\"http:\/\/dominique.sciamma.com\/wp-content\/uploads\/2013\/01\/projet-infopro.pdf\">Ce que je fis&#8230;.<\/a><\/strong><\/p>\n<h1>L&rsquo;ENCYCLOPEDIE KLEIO<\/h1>\n<p>L&rsquo;autre tr\u00e8s gros projet de l&rsquo;\u00e9poque consiste en la r\u00e9alisation d&rsquo;une <strong>Encyclop\u00e9die Off-Line<\/strong> (<em>c&rsquo;\u00e9tait un autre temps !<\/em>) construite sur les contenus de l&rsquo;encyclop\u00e9die <strong>Larousse<\/strong>. C&rsquo;est le projet <strong>VOX<\/strong>, qui est devenue l&rsquo;encyclop\u00e9die <strong>KLEIO<\/strong>.<\/p>\n<p><a href=\"http:\/\/dominique.sciamma.com\/wp-content\/uploads\/2013\/01\/kleio1.jpg\"><img loading=\"lazy\" decoding=\"async\" class=\"alignnone size-full wp-image-791\" alt=\"kleio\" src=\"http:\/\/dominique.sciamma.com\/wp-content\/uploads\/2013\/01\/kleio1.jpg\" width=\"300\" height=\"300\" srcset=\"https:\/\/dominique.sciamma.com\/wp-content\/uploads\/2013\/01\/kleio1.jpg 300w, https:\/\/dominique.sciamma.com\/wp-content\/uploads\/2013\/01\/kleio1-150x150.jpg 150w\" sizes=\"(max-width: 300px) 100vw, 300px\" \/><\/a><\/p>\n<p>&nbsp;<\/p>\n<p>Suite aux deux projets pr\u00e9c\u00e9dents, Agn\u00e8s TOURAINE et Emmanuel SCHALIT me demand\u00e8rent, fin 1999, de me charger des <strong>sp\u00e9cifications \u00a0fonctionnelles et ergonomiques<\/strong> de l&rsquo;Encyclop\u00e9die, sur quasiment tous ses modules :<\/p>\n<ul>\n<li><a title=\"Kleio : l'Atlas\" href=\"http:\/\/dominique.sciamma.com\/wp-content\/uploads\/2013\/01\/Kleio-Atlas.pdf\" target=\"_blank\"><strong><span style=\"line-height: 15px;\">L&rsquo;Atlas<\/span><\/strong><\/a><\/li>\n<li><a title=\"Kleio : la Time Line\" href=\"http:\/\/dominique.sciamma.com\/wp-content\/uploads\/2013\/01\/Kleio-Time-Line.pdf\"><strong>La Chronologie<\/strong><\/a><\/li>\n<li><a title=\"Kleio : les KMAP\" href=\"http:\/\/dominique.sciamma.com\/wp-content\/uploads\/2013\/01\/Kleio-Kmap.pdf\" target=\"_blank\"><strong>Les Cartes de Connaissance (KMAP)<\/strong><\/a><\/li>\n<li><a title=\"Kleio : le g\u00e9n\u00e9rateur d'expos\u00e9s\" href=\"http:\/\/dominique.sciamma.com\/wp-content\/uploads\/2013\/01\/Kleio-Exposes.pdf\" target=\"_blank\"><strong>Le G\u00e9n\u00e9rateur d&rsquo;expos\u00e9s<\/strong><\/a><\/li>\n<li><a title=\"Kleio : les Quizz\" href=\"http:\/\/dominique.sciamma.com\/wp-content\/uploads\/2013\/01\/Kleio-Quizz.pdf\" target=\"_blank\"><strong>Les Quizz<\/strong><\/a><\/li>\n<li><a title=\"Kleio : le moteur de recherche\" href=\"http:\/\/dominique.sciamma.com\/wp-content\/uploads\/2013\/01\/Kleio-Search.pdf\" target=\"_blank\"><strong>Le moteur de recherche<\/strong><\/a><\/li>\n<\/ul>\n<p>Ce que je fis&#8230;.<\/p>\n","protected":false},"excerpt":{"rendered":"<p>D\u00e9but 1998, je suis en relation avec Agn\u00e8s TOURAINE, qui dirige alors HAVAS INTERACTIVE, second\u00e9 par Emmanuel SCHALIT. HAVAS poss\u00e8de \u00e0 cette \u00e9poque CEP Communication, un des plus grands \u00e9diteurs fran\u00e7ais, propri\u00e9taire, entre autres, des \u00e9ditions Larousse. Havas Interactive\u00a0s&rsquo;appr\u00eate\u00a0\u00e0 devenir &hellip; <a href=\"https:\/\/dominique.sciamma.com\/?page_id=790\">Lire la suite <span class=\"meta-nav\">&rarr;<\/span><\/a><\/p>\n","protected":false},"author":1,"featured_media":0,"parent":617,"menu_order":2,"comment_status":"closed","ping_status":"open","template":"","meta":{"footnotes":""},"_links":{"self":[{"href":"https:\/\/dominique.sciamma.com\/index.php?rest_route=\/wp\/v2\/pages\/790"}],"collection":[{"href":"https:\/\/dominique.sciamma.com\/index.php?rest_route=\/wp\/v2\/pages"}],"about":[{"href":"https:\/\/dominique.sciamma.com\/index.php?rest_route=\/wp\/v2\/types\/page"}],"author":[{"embeddable":true,"href":"https:\/\/dominique.sciamma.com\/index.php?rest_route=\/wp\/v2\/users\/1"}],"replies":[{"embeddable":true,"href":"https:\/\/dominique.sciamma.com\/index.php?rest_route=%2Fwp%2Fv2%2Fcomments&post=790"}],"version-history":[{"count":8,"href":"https:\/\/dominique.sciamma.com\/index.php?rest_route=\/wp\/v2\/pages\/790\/revisions"}],"predecessor-version":[{"id":834,"href":"https:\/\/dominique.sciamma.com\/index.php?rest_route=\/wp\/v2\/pages\/790\/revisions\/834"}],"up":[{"embeddable":true,"href":"https:\/\/dominique.sciamma.com\/index.php?rest_route=\/wp\/v2\/pages\/617"}],"wp:attachment":[{"href":"https:\/\/dominique.sciamma.com\/index.php?rest_route=%2Fwp%2Fv2%2Fmedia&parent=790"}],"curies":[{"name":"wp","href":"https:\/\/api.w.org\/{rel}","templated":true}]}}