{"id":824,"date":"2013-01-02T07:21:20","date_gmt":"2013-01-02T06:21:20","guid":{"rendered":"http:\/\/dominique.sciamma.com\/?page_id=824"},"modified":"2013-01-02T07:52:28","modified_gmt":"2013-01-02T06:52:28","slug":"miloo-guide","status":"publish","type":"page","link":"https:\/\/dominique.sciamma.com\/?page_id=824","title":{"rendered":"Miloo Guide"},"content":{"rendered":"<p>Courant <strong>1999, en plein pendant la Bulle Internet<\/strong>, je suis mis en contact avec une jeune <strong>Startup<\/strong> du Net, <strong>SURFVISION<\/strong>.<br \/>\nCr\u00e9\u00e9e et dirig\u00e9e par <strong><a title=\"Le site de Philippe Jeantet\" href=\"http:\/\/www.pjeantet.com\/Philippe_Jeantet_artist.html\" target=\"_blank\">Philippe JEANTET<\/a>\u00a0&#8211;<\/strong>\u00a0artiste num\u00e9rique &#8211; Surfivision a invent\u00e9 une nouvelle mani\u00e8re de naviguer sur le net et se propose ni plus ni moins que de <strong>supplanter<\/strong> <strong>Netscape<\/strong> ou <strong>Explorer<\/strong> par son nouveau concept !<\/p>\n<p>L&rsquo;id\u00e9e est ici de voir \u00a0les pages d&rsquo;un <strong>site<\/strong> sous forme de <strong>cylindres<\/strong> visuels (un tore 2D), sur\u00a0lesquels\u00a0sont plac\u00e9es des <strong>ic\u00f4nes \u00a0hypersliens<\/strong>. Chaque lien peut amener soit sur un nouveau cylindre, soit sur un site, soit sur du contenu m\u00e9dia.<br \/>\nUn cylindre peut avoir un<strong> fr\u00e8re \u00e0 gauche<\/strong> et un <strong>fr\u00e8re \u00e0 droite<\/strong>, ce qui permet de construire des <strong>cylindres de cylindres<\/strong>. Chaque cylindre a un <strong>cylindre P\u00e8re<\/strong>.<br \/>\nLa <strong>grande id\u00e9e de navigation<\/strong> de surfvision est de s&rsquo;appuyer sur une <strong>barre r\u00e9duite \u00e0 3 boutons<\/strong> qui permet de naviguer dans la structure des cylindres vers le fr\u00e8re gauche, vers le fr\u00e8re droit, vers le p\u00e8re.<\/p>\n<p>Philippe me propose de prendre la direction technique de la soci\u00e9t\u00e9, ce que je d\u00e9cline pr\u00e9f\u00e9rant continuer \u00e0 jouir de ma libert\u00e9 professionnelle, mais accepte de travailler avec lui.<\/p>\n<p>Je vais r\u00e9aliser pour Surfvision 2 projets.<\/p>\n<h1>UNE DEMO DE PROMO<\/h1>\n<p>Il s&rsquo;agit de <strong>sc\u00e9nariser<\/strong> un petit movie <strong>flash<\/strong> qui explique \u00a0les <strong>concepts de Surfvision<\/strong>.<\/p>\n<p>Pour ce faire, je d\u00e9cide de personnifier la fameuse barre de de navigation que je baptise RINGO (r\u00e9f\u00e9rence aux anneaux\/cylindre). Ce petit personnage ressemble \u00e0 un petit oiseau, et c&rsquo;est donc lui qui, en voletant, expliquera \u00e0 l&rsquo;utilisateur la nouvelle mani\u00e8re de naviguer qu&rsquo;offre Surfvision.<\/p>\n<p><a href=\"http:\/\/dominique.sciamma.com\/wp-content\/uploads\/2013\/01\/ringo-02.jpg\"><img loading=\"lazy\" decoding=\"async\" class=\"alignnone size-full wp-image-840\" alt=\"ringo 02\" src=\"http:\/\/dominique.sciamma.com\/wp-content\/uploads\/2013\/01\/ringo-02.jpg\" width=\"300\" height=\"230\" \/><\/a><\/p>\n<p>Je sc\u00e9narise donc cette d\u00e9mo, dont j&rsquo;\u00e9cris aussi le texte, qui sera lu &#8211; en Fran\u00e7ais et en Anglais &#8211; par <a title=\"Le site de Lemmy Constantine\" href=\"http:\/\/www.lemmyconstantine.com\/\" target=\"_blank\"><strong>Lemmy CONSTANTINE<\/strong><\/a>, que j&rsquo;vais rencintr\u00e9 dans <a title=\"Le Myst\u00e8re XIII\" href=\"http:\/\/dominique.sciamma.com\/?page_id=626\" target=\"_blank\">l&rsquo;aventure XIII, <\/a>o\u00f9 il donnait sa voix au h\u00e9ros dans l&rsquo;interview finale du jeu.<\/p>\n<p><strong>Lire :<\/strong><\/p>\n<ul>\n<li><a title=\"Le sc\u00e9nario de la d\u00e9mo Surfivision\" href=\"http:\/\/dominique.sciamma.com\/wp-content\/uploads\/2013\/01\/scenario-demo-surfvision.pdf\" target=\"_blank\"><strong>Le sc\u00e9nario de la d\u00e9mo<\/strong><\/a><\/li>\n<li><a title=\"Le texte de la d\u00e9mo Surfvision\" href=\"http:\/\/dominique.sciamma.com\/wp-content\/uploads\/2013\/01\/textedemo-SurfVision-VF.pdf\" target=\"_blank\"><strong>le texte de la d\u00e9mo<\/strong><\/a><\/li>\n<\/ul>\n<p><strong>MILOO GUIDE<\/strong><\/p>\n<p>Je r\u00e9alise aussi pour Surfvision \u00a0le <strong>MILOOGUIDE<\/strong>, guide de la BD sur internet.<br \/>\nIl s&rsquo;agit d&rsquo;indexer et de donner acc\u00e8s aux contenus grandissants sur cette culture populaire. Je travaille alors avec C\u00e9dric COSSART sur le graphisme et la composition des cylindres.<\/p>\n<p>Le guide est compos\u00e9 de plusieurs cylindres<\/p>\n<h2>L&rsquo;\u00e9dito<\/h2>\n<p><a href=\"http:\/\/dominique.sciamma.com\/wp-content\/uploads\/2013\/01\/MilooGuide-Edito.jpg\"><img loading=\"lazy\" decoding=\"async\" class=\"alignnone size-large wp-image-813\" alt=\"MilooGuide-Edito\" src=\"http:\/\/dominique.sciamma.com\/wp-content\/uploads\/2013\/01\/MilooGuide-Edito-1024x340.jpg\" width=\"584\" height=\"193\" srcset=\"https:\/\/dominique.sciamma.com\/wp-content\/uploads\/2013\/01\/MilooGuide-Edito-1024x340.jpg 1024w, https:\/\/dominique.sciamma.com\/wp-content\/uploads\/2013\/01\/MilooGuide-Edito-300x99.jpg 300w, https:\/\/dominique.sciamma.com\/wp-content\/uploads\/2013\/01\/MilooGuide-Edito-500x166.jpg 500w, https:\/\/dominique.sciamma.com\/wp-content\/uploads\/2013\/01\/MilooGuide-Edito.jpg 1280w\" sizes=\"(max-width: 584px) 100vw, 584px\" \/><\/a><\/p>\n<h2>Le Sommaire<\/h2>\n<p><a href=\"http:\/\/dominique.sciamma.com\/wp-content\/uploads\/2013\/01\/MilooGuide-Sommaire.jpg\"><img loading=\"lazy\" decoding=\"async\" class=\"alignnone size-large wp-image-822\" alt=\"MilooGuide-Sommaire\" src=\"http:\/\/dominique.sciamma.com\/wp-content\/uploads\/2013\/01\/MilooGuide-Sommaire-1024x170.jpg\" width=\"584\" height=\"96\" srcset=\"https:\/\/dominique.sciamma.com\/wp-content\/uploads\/2013\/01\/MilooGuide-Sommaire-1024x170.jpg 1024w, https:\/\/dominique.sciamma.com\/wp-content\/uploads\/2013\/01\/MilooGuide-Sommaire-300x49.jpg 300w, https:\/\/dominique.sciamma.com\/wp-content\/uploads\/2013\/01\/MilooGuide-Sommaire-500x83.jpg 500w\" sizes=\"(max-width: 584px) 100vw, 584px\" \/><\/a><\/p>\n<h2>Les Grands Classiques<\/h2>\n<p><a href=\"http:\/\/dominique.sciamma.com\/wp-content\/uploads\/2013\/01\/MilooGuide-Les-Stars.jpg\"><img loading=\"lazy\" decoding=\"async\" class=\"alignnone size-large wp-image-819\" alt=\"MilooGuide-Les-Stars\" src=\"http:\/\/dominique.sciamma.com\/wp-content\/uploads\/2013\/01\/MilooGuide-Les-Stars-1024x170.jpg\" width=\"584\" height=\"96\" srcset=\"https:\/\/dominique.sciamma.com\/wp-content\/uploads\/2013\/01\/MilooGuide-Les-Stars-1024x170.jpg 1024w, https:\/\/dominique.sciamma.com\/wp-content\/uploads\/2013\/01\/MilooGuide-Les-Stars-300x49.jpg 300w, https:\/\/dominique.sciamma.com\/wp-content\/uploads\/2013\/01\/MilooGuide-Les-Stars-500x83.jpg 500w\" sizes=\"(max-width: 584px) 100vw, 584px\" \/><\/a><\/p>\n<h2>Les Stars<\/h2>\n<p><a href=\"http:\/\/dominique.sciamma.com\/wp-content\/uploads\/2013\/01\/MilooGuide-Grands-Classiques.jpg\"><img loading=\"lazy\" decoding=\"async\" class=\"alignnone size-large wp-image-816\" alt=\"MilooGuide-Grands-Classiques\" src=\"http:\/\/dominique.sciamma.com\/wp-content\/uploads\/2013\/01\/MilooGuide-Grands-Classiques-1024x170.jpg\" width=\"584\" height=\"96\" srcset=\"https:\/\/dominique.sciamma.com\/wp-content\/uploads\/2013\/01\/MilooGuide-Grands-Classiques-1024x170.jpg 1024w, https:\/\/dominique.sciamma.com\/wp-content\/uploads\/2013\/01\/MilooGuide-Grands-Classiques-300x49.jpg 300w, https:\/\/dominique.sciamma.com\/wp-content\/uploads\/2013\/01\/MilooGuide-Grands-Classiques-500x83.jpg 500w\" sizes=\"(max-width: 584px) 100vw, 584px\" \/><\/a><\/p>\n<h2>Les Ma\u00eetres<\/h2>\n<p><a href=\"http:\/\/dominique.sciamma.com\/wp-content\/uploads\/2013\/01\/MilooGuide-Les-Maitres.jpg\"><img loading=\"lazy\" decoding=\"async\" class=\"alignnone size-large wp-image-818\" alt=\"MilooGuide-Les-Maitres\" src=\"http:\/\/dominique.sciamma.com\/wp-content\/uploads\/2013\/01\/MilooGuide-Les-Maitres-1024x170.jpg\" width=\"584\" height=\"96\" srcset=\"https:\/\/dominique.sciamma.com\/wp-content\/uploads\/2013\/01\/MilooGuide-Les-Maitres-1024x170.jpg 1024w, https:\/\/dominique.sciamma.com\/wp-content\/uploads\/2013\/01\/MilooGuide-Les-Maitres-300x49.jpg 300w, https:\/\/dominique.sciamma.com\/wp-content\/uploads\/2013\/01\/MilooGuide-Les-Maitres-500x83.jpg 500w\" sizes=\"(max-width: 584px) 100vw, 584px\" \/><\/a><\/p>\n<h2>La Rel\u00e8ve<\/h2>\n<p><a href=\"http:\/\/dominique.sciamma.com\/wp-content\/uploads\/2013\/01\/MilooGuide-La-Releve.jpg\"><img loading=\"lazy\" decoding=\"async\" class=\"alignnone size-large wp-image-817\" alt=\"MilooGuide-La-Releve\" src=\"http:\/\/dominique.sciamma.com\/wp-content\/uploads\/2013\/01\/MilooGuide-La-Releve-1024x170.jpg\" width=\"584\" height=\"96\" srcset=\"https:\/\/dominique.sciamma.com\/wp-content\/uploads\/2013\/01\/MilooGuide-La-Releve-1024x170.jpg 1024w, https:\/\/dominique.sciamma.com\/wp-content\/uploads\/2013\/01\/MilooGuide-La-Releve-300x49.jpg 300w, https:\/\/dominique.sciamma.com\/wp-content\/uploads\/2013\/01\/MilooGuide-La-Releve-500x83.jpg 500w\" sizes=\"(max-width: 584px) 100vw, 584px\" \/><\/a><\/p>\n<h2>Les Mangas<\/h2>\n<p><a href=\"http:\/\/dominique.sciamma.com\/wp-content\/uploads\/2013\/01\/MilooGuide-Mangas.jpg\"><img loading=\"lazy\" decoding=\"async\" class=\"alignnone size-large wp-image-820\" alt=\"MilooGuide-Mangas\" src=\"http:\/\/dominique.sciamma.com\/wp-content\/uploads\/2013\/01\/MilooGuide-Mangas-1024x170.jpg\" width=\"584\" height=\"96\" srcset=\"https:\/\/dominique.sciamma.com\/wp-content\/uploads\/2013\/01\/MilooGuide-Mangas-1024x170.jpg 1024w, https:\/\/dominique.sciamma.com\/wp-content\/uploads\/2013\/01\/MilooGuide-Mangas-300x49.jpg 300w, https:\/\/dominique.sciamma.com\/wp-content\/uploads\/2013\/01\/MilooGuide-Mangas-500x83.jpg 500w\" sizes=\"(max-width: 584px) 100vw, 584px\" \/><\/a><\/p>\n<h2>Les Enfants<\/h2>\n<p><a href=\"http:\/\/dominique.sciamma.com\/wp-content\/uploads\/2013\/01\/MilooGuide-Enfants.jpg\"><img loading=\"lazy\" decoding=\"async\" class=\"alignnone size-large wp-image-814\" alt=\"MilooGuide-Enfants\" src=\"http:\/\/dominique.sciamma.com\/wp-content\/uploads\/2013\/01\/MilooGuide-Enfants-1024x170.jpg\" width=\"584\" height=\"96\" srcset=\"https:\/\/dominique.sciamma.com\/wp-content\/uploads\/2013\/01\/MilooGuide-Enfants-1024x170.jpg 1024w, https:\/\/dominique.sciamma.com\/wp-content\/uploads\/2013\/01\/MilooGuide-Enfants-300x49.jpg 300w, https:\/\/dominique.sciamma.com\/wp-content\/uploads\/2013\/01\/MilooGuide-Enfants-500x83.jpg 500w\" sizes=\"(max-width: 584px) 100vw, 584px\" \/><\/a><\/p>\n<h2>Les Festivals<\/h2>\n<p><a href=\"http:\/\/dominique.sciamma.com\/wp-content\/uploads\/2013\/01\/MilooGuide-Festivals.jpg\"><img loading=\"lazy\" decoding=\"async\" class=\"alignnone size-large wp-image-815\" alt=\"MilooGuide-Festivals\" src=\"http:\/\/dominique.sciamma.com\/wp-content\/uploads\/2013\/01\/MilooGuide-Festivals-1024x340.jpg\" width=\"584\" height=\"193\" srcset=\"https:\/\/dominique.sciamma.com\/wp-content\/uploads\/2013\/01\/MilooGuide-Festivals-1024x340.jpg 1024w, https:\/\/dominique.sciamma.com\/wp-content\/uploads\/2013\/01\/MilooGuide-Festivals-300x99.jpg 300w, https:\/\/dominique.sciamma.com\/wp-content\/uploads\/2013\/01\/MilooGuide-Festivals-500x166.jpg 500w, https:\/\/dominique.sciamma.com\/wp-content\/uploads\/2013\/01\/MilooGuide-Festivals.jpg 1280w\" sizes=\"(max-width: 584px) 100vw, 584px\" \/><\/a><\/p>\n<h2>Les Editeurs<\/h2>\n<p><a href=\"http:\/\/dominique.sciamma.com\/wp-content\/uploads\/2013\/01\/MilooGuide-Editeurs.jpg\"><img loading=\"lazy\" decoding=\"async\" class=\"alignnone size-large wp-image-812\" alt=\"MilooGuide-Editeurs\" src=\"http:\/\/dominique.sciamma.com\/wp-content\/uploads\/2013\/01\/MilooGuide-Editeurs-1024x226.jpg\" width=\"584\" height=\"128\" srcset=\"https:\/\/dominique.sciamma.com\/wp-content\/uploads\/2013\/01\/MilooGuide-Editeurs-1024x226.jpg 1024w, https:\/\/dominique.sciamma.com\/wp-content\/uploads\/2013\/01\/MilooGuide-Editeurs-300x66.jpg 300w, https:\/\/dominique.sciamma.com\/wp-content\/uploads\/2013\/01\/MilooGuide-Editeurs-500x110.jpg 500w, https:\/\/dominique.sciamma.com\/wp-content\/uploads\/2013\/01\/MilooGuide-Editeurs.jpg 1920w\" sizes=\"(max-width: 584px) 100vw, 584px\" \/><\/a><\/p>\n<h2>Les Portails<\/h2>\n<p><a href=\"http:\/\/dominique.sciamma.com\/wp-content\/uploads\/2013\/01\/MilooGuide-Portails.jpg\"><img loading=\"lazy\" decoding=\"async\" class=\"alignnone size-large wp-image-821\" alt=\"MilooGuide-Portails\" src=\"http:\/\/dominique.sciamma.com\/wp-content\/uploads\/2013\/01\/MilooGuide-Portails-1024x340.jpg\" width=\"584\" height=\"193\" srcset=\"https:\/\/dominique.sciamma.com\/wp-content\/uploads\/2013\/01\/MilooGuide-Portails-1024x340.jpg 1024w, https:\/\/dominique.sciamma.com\/wp-content\/uploads\/2013\/01\/MilooGuide-Portails-300x99.jpg 300w, https:\/\/dominique.sciamma.com\/wp-content\/uploads\/2013\/01\/MilooGuide-Portails-500x166.jpg 500w, https:\/\/dominique.sciamma.com\/wp-content\/uploads\/2013\/01\/MilooGuide-Portails.jpg 1280w\" sizes=\"(max-width: 584px) 100vw, 584px\" \/><\/a><\/p>\n<p>&nbsp;<\/p>\n<p><strong><a title=\"Les specs du Miloo Guide\" href=\"http:\/\/dominique.sciamma.com\/wp-content\/uploads\/2013\/01\/Specs-Surfvision-Guide-BD2.pdf\">La sp\u00e9cification du guide est ici !<\/a><\/strong><\/p>\n","protected":false},"excerpt":{"rendered":"<p>Courant 1999, en plein pendant la Bulle Internet, je suis mis en contact avec une jeune Startup du Net, SURFVISION. Cr\u00e9\u00e9e et dirig\u00e9e par Philippe JEANTET\u00a0&#8211;\u00a0artiste num\u00e9rique &#8211; Surfivision a invent\u00e9 une nouvelle mani\u00e8re de naviguer sur le net et &hellip; <a href=\"https:\/\/dominique.sciamma.com\/?page_id=824\">Lire la suite <span class=\"meta-nav\">&rarr;<\/span><\/a><\/p>\n","protected":false},"author":1,"featured_media":0,"parent":617,"menu_order":3,"comment_status":"closed","ping_status":"open","template":"","meta":{"footnotes":""},"_links":{"self":[{"href":"https:\/\/dominique.sciamma.com\/index.php?rest_route=\/wp\/v2\/pages\/824"}],"collection":[{"href":"https:\/\/dominique.sciamma.com\/index.php?rest_route=\/wp\/v2\/pages"}],"about":[{"href":"https:\/\/dominique.sciamma.com\/index.php?rest_route=\/wp\/v2\/types\/page"}],"author":[{"embeddable":true,"href":"https:\/\/dominique.sciamma.com\/index.php?rest_route=\/wp\/v2\/users\/1"}],"replies":[{"embeddable":true,"href":"https:\/\/dominique.sciamma.com\/index.php?rest_route=%2Fwp%2Fv2%2Fcomments&post=824"}],"version-history":[{"count":6,"href":"https:\/\/dominique.sciamma.com\/index.php?rest_route=\/wp\/v2\/pages\/824\/revisions"}],"predecessor-version":[{"id":830,"href":"https:\/\/dominique.sciamma.com\/index.php?rest_route=\/wp\/v2\/pages\/824\/revisions\/830"}],"up":[{"embeddable":true,"href":"https:\/\/dominique.sciamma.com\/index.php?rest_route=\/wp\/v2\/pages\/617"}],"wp:attachment":[{"href":"https:\/\/dominique.sciamma.com\/index.php?rest_route=%2Fwp%2Fv2%2Fmedia&parent=824"}],"curies":[{"name":"wp","href":"https:\/\/api.w.org\/{rel}","templated":true}]}}