{"id":998,"date":"2013-01-04T19:16:16","date_gmt":"2013-01-04T18:16:16","guid":{"rendered":"http:\/\/dominique.sciamma.com\/?page_id=998"},"modified":"2013-01-04T21:41:55","modified_gmt":"2013-01-04T20:41:55","slug":"chutes-libres","status":"publish","type":"page","link":"https:\/\/dominique.sciamma.com\/?page_id=998","title":{"rendered":"Chutes Libres"},"content":{"rendered":"<p><strong>Ecrire des Contes Brefs<\/strong> (ou Short Short Stories) est un exercice connu et appr\u00e9ci\u00e9 dans les pays anglo-saxons, mais moins pris\u00e9 en France ou <a title=\"La fiche Wikipedia de Jacques Sternberg\" href=\"http:\/\/fr.wikipedia.org\/wiki\/Jacques_Sternberg\" target=\"_blank\"><strong>Jacques Sternberg<\/strong><\/a> lui a pourtant donn\u00e9 ses lettres de noblesse.<br \/>\n<strong>Un Conte bref est une histoire tr\u00e8s courte (quelques lignes) et toujours avec une chute !\u00a0<\/strong>Une des plus c\u00e9l\u00e8bres d&rsquo;entre elle a \u00e9t\u00e9 \u00e9crite par le g\u00e9nial <strong><a title=\"La ficpediahe de Fredric Brown sur Wiki\" href=\"http:\/\/fr.wikipedia.org\/wiki\/Fredric_Brown\" target=\"_blank\">Fredric Brown<\/a>\u00a0:<\/strong><\/p>\n<p style=\"padding-left: 30px;\"><em>\u00ab\u00a0Le dernier homme sur Terre \u00e9tait assis dans une salle.<br \/>\nOn frappa \u00e0 la porte.\u00a0\u00bb<\/em><\/p>\n<p>J&rsquo;ai commenc\u00e9 pour ma part \u00e0 en \u00e9crire en 1974, mais aussi des nouvelles plus longues<br \/>\nJ&rsquo;ai eu la chance de les faire lire \u00e0 Jacques Sternberg lui m\u00eame en 1984, que j&rsquo;ai rencontr\u00e9 plusieurs fois \u00e0 cette \u00e9poque et qui, je crois, les avais appr\u00e9ci\u00e9s.<\/p>\n<p>Apr\u00e8s un travail de r\u00e9\u00e9criture effectu\u00e9 au tout d\u00e9but 1990, <strong>j&rsquo;avais un recueil de plus de 100 textes<\/strong>, \u00a0que j&rsquo;ai nomm\u00e9 \u00ab\u00a0Chutes Libres\u00a0\u00bb, que j&rsquo;ai mis en page et r\u00e9uni dans un ouvrage artisanal que j&rsquo;ai pu faire lire \u00e0 un certain nombre de personnes.<\/p>\n<p>Un de ces textes (<strong>l&rsquo;Evasion<\/strong>) est devenu un court m\u00e9trage en 2001 sour la direction de <a title=\"La fiche de Lionel Steketee sur Wikipedia\" href=\"http:\/\/fr.wikipedia.org\/wiki\/Lionel_Steketee\" target=\"_blank\">Lionel Steketee<\/a>.<\/p>\n<p>Vous pouvez lire ici quelques unes de ces contes brefs et nouvelles :<\/p>\n<ul>\n<li><a title=\"Chutes Libres \u2013 Extraits 1\" href=\"http:\/\/dominique.sciamma.com\/?page_id=1016\"><strong>Contes tr\u00e8s brefs<\/strong><\/a><\/li>\n<li><a title=\"Chutes Libres Extraits 2 (Plus longs !)\" href=\"http:\/\/dominique.sciamma.com\/?page_id=1013\"><strong>Contes moins Brefs<\/strong><\/a><\/li>\n<li><strong><a title=\"Chutes Libres \u2013 L\u2019Evasion\" href=\"http:\/\/dominique.sciamma.com\/?page_id=1010\">L&rsquo;Evasion (adapt\u00e9 en court m\u00e9trage par Lionel Steketee en 2001<\/a>)<\/strong><\/li>\n<\/ul>\n<p>&nbsp;<\/p>\n","protected":false},"excerpt":{"rendered":"<p>Ecrire des Contes Brefs (ou Short Short Stories) est un exercice connu et appr\u00e9ci\u00e9 dans les pays anglo-saxons, mais moins pris\u00e9 en France ou Jacques Sternberg lui a pourtant donn\u00e9 ses lettres de noblesse. Un Conte bref est une histoire &hellip; <a href=\"https:\/\/dominique.sciamma.com\/?page_id=998\">Lire la suite <span class=\"meta-nav\">&rarr;<\/span><\/a><\/p>\n","protected":false},"author":1,"featured_media":0,"parent":471,"menu_order":0,"comment_status":"closed","ping_status":"open","template":"","meta":{"footnotes":""},"_links":{"self":[{"href":"https:\/\/dominique.sciamma.com\/index.php?rest_route=\/wp\/v2\/pages\/998"}],"collection":[{"href":"https:\/\/dominique.sciamma.com\/index.php?rest_route=\/wp\/v2\/pages"}],"about":[{"href":"https:\/\/dominique.sciamma.com\/index.php?rest_route=\/wp\/v2\/types\/page"}],"author":[{"embeddable":true,"href":"https:\/\/dominique.sciamma.com\/index.php?rest_route=\/wp\/v2\/users\/1"}],"replies":[{"embeddable":true,"href":"https:\/\/dominique.sciamma.com\/index.php?rest_route=%2Fwp%2Fv2%2Fcomments&post=998"}],"version-history":[{"count":6,"href":"https:\/\/dominique.sciamma.com\/index.php?rest_route=\/wp\/v2\/pages\/998\/revisions"}],"predecessor-version":[{"id":1000,"href":"https:\/\/dominique.sciamma.com\/index.php?rest_route=\/wp\/v2\/pages\/998\/revisions\/1000"}],"up":[{"embeddable":true,"href":"https:\/\/dominique.sciamma.com\/index.php?rest_route=\/wp\/v2\/pages\/471"}],"wp:attachment":[{"href":"https:\/\/dominique.sciamma.com\/index.php?rest_route=%2Fwp%2Fv2%2Fmedia&parent=998"}],"curies":[{"name":"wp","href":"https:\/\/api.w.org\/{rel}","templated":true}]}}